129
In base 7, what is -42 - 100?
-142
In base 16, what is 2 - -741?
743
In base 6, what is -5 - 50?
-55
In base 10, what is -3 + 34?
31
In base 5, what is -44 + 2100?
2001
In base 7, what is 545 + -1?
544
In base 8, what is 4 + -67?
-63
In base 16, what is f + -1a?
-b
In base 14, what is -32 + a?
-26
In base 8, what is 1214 + -10?
1204
In base 11, what is 1 + -164?
-163
In base 3, what is 20100 - 0?
20100
In base 4, what is 213303 + -3?
213300
In base 3, what is 1 + 110?
111
In base 16, what is 9 + -1?
8
In base 12, what is -592 + -3?
-595
In base 16, what is 870 + 6?
876
In base 2, what is -111101 + -1?
-111110
In base 9, what is 2 - -81?
83
In base 9, what is -2 + -44?
-46
In base 12, what is -6 + -5?
-b
In base 13, what is 2b0 - 0?
2b0
In base 16, what is 2 + 36?
38
In base 7, what is 3 + 23?
26
In base 12, what is 1a - a?
10
In base 12, what is -7a + -109?
-187
In base 10, what is 1 - -852?
853
In base 16, what is 1 - 1b?
-1a
In base 15, what is 4 + -aa?
-a6
In base 9, what is -2633 - -5?
-2627
In base 15, what is -e + b?
-3
In base 11, what is 90a - 1?
909
In base 7, what is -11 - -33?
22
In base 6, what is -11 - -3240?
3225
In base 13, what is 1b2 + -75?
13a
In base 9, what is -48 - -172?
123
In base 11, what is 3 - 81?
-79
In base 4, what is -120 - -131?
11
In base 5, what is 31 + -3?
23
In base 11, what is -3286 - -3?
-3283
In base 16, what is -251 + -4?
-255
In base 6, what is -54 - 5?
-103
In base 9, what is -148 + -25?
-174
In base 5, what is -110 - 242?
-402
In base 16, what is -5f37 + -3?
-5f3a
In base 8, what is 10274 + -1?
10273
In base 10, what is -4 + 78?
74
In base 10, what is -7 - 3662?
-3669
In base 14, what is -3458 - -5?
-3453
In base 9, what is -287 - -3?
-284
In base 13, what is 6 - 12c1?
-12b8
In base 16, what is 2 + 440?
442
In base 12, what is 2 + -1434?
-1432
In base 2, what is 101 - -11001101101?
11001110010
In base 3, what is 2 + 101201?
101210
In base 7, what is 2155 + 5?
2163
In base 3, what is -12 - -1200?
1111
In base 11, what is -79 - 28?
-a6
In base 5, what is 2 + -1434?
-1432
In base 9, what is -4083 + 2?
-4081
In base 10, what is 1 + 46?
47
In base 5, what is -1403 + -3?
-1411
In base 10, what is -2690 - -4?
-2686
In base 8, what is 1 + -2?
-1
In base 4, what is -1 - 1011210?
-1011211
In base 11, what is 92 - 10?
82
In base 12, what is -17 - -153?
138
In base 12, what is -3a + 4?
-36
In base 13, what is -7 - -840?
836
In base 16, what is -2 + -710?
-712
In base 2, what is -100 + -1010?
-1110
In base 13, what is -5c - -1?
-5b
In base 4, what is -13022 - 3?
-13031
In base 6, what is -3 - 22234?
-22241
In base 4, what is 2032 + -12?
2020
In base 16, what is 5 - 5d?
-58
In base 9, what is -5363 - 5?
-5368
In base 7, what is -3 - 20?
-23
In base 11, what is -67a - 3?
-682
In base 4, what is -113 + -10?
-123
In base 10, what is -187 + 36?
-151
In base 10, what is 51 - -7?
58
In base 7, what is -23 + -4341?
-4364
In base 15, what is 6 - -7d?
84
In base 5, what is 10 + 123?
133
In base 12, what is 5 + -663?
-65a
In base 4, what is -20133 + -11?
-20210
In base 6, what is -243 + 0?
-243
In base 4, what is 231 - 0?
231
In base 6, what is -5 + -334?
-343
In base 12, what is 98 + -41?
57
In base 4, what is 22232 + -10?
22222
In base 7, what is -1 - 4?
-5
In base 11, what is 1331 - 3?
1329
In base 7, what is -4 + 6045?
6041
In base 9, what is -3 - -86?
83
In base 15, what is -e + -4?
-13
In base 4, what is 3311 + 1?
3312
In base 16, what is 7 + 1b?
22
In base 9, what is 0 + 1357?
1357
In base 12, what is 295 + -3?
292
In base 8, what is 4 - 145?
-141
In base 6, what is -24 + 2101?
2033
In base 9, what is 62 - 35?
26
In base 12, what is b - 3b?
-30
In base 11, what is -2 + -4?
-6
In base 3, what is 22 + 1020?
1112
In base 16, what is 2 - -236a?
236c
In base 15, what is -19a + 2?
-198
In base 15, what is -5 - 2d?
-33
In base 9, what is -25 - 118?
-144
In base 10, what is 1 + -1682?
-1681
In base 7, what is -1 + -5251?
-5252
In base 10, what is -3 - -693?
690
In base 15, what is -5 + -787?
-78c
In base 10, what is 2 + 12?
14
In base 12, what is -a9 + -50?
-139
In base 3, what is -11120210 + 1?
-11120202
In base 14, what is -117 - 4?
-11b
In base 5, what is -1 - 14?
-20
In base 15, what is -23 + 40a?
3d7
In base 6, what is 21 + -133?
-112
In base 12, what is -5 - 3?
-8
In base 15, what is -55 - 1?
-56
In base 13, what is 3 + 4?
7
In base 7, what is -213 + 3?
-210
In base 5, what is 21 + -31?
-10
In base 7, what is -1 + 6023?
6022
In base 5, what is 44414 - 0?
44414
In base 8, what is 514 + -7?
505
In base 10, what is 6004 + -1?
6003
In base 14, what is 156b - -3?
1570
In base 7, what is -45 + 54?
6
In base 12, what is -2384 - 1?
-2385
In base 14, what is -14 - -160?
14a
In base 9, what is -43 - 25?
-68
In base 13, what is 26 + c?
35
In base 13, what is -26 + -2a5?
-2cb
In base 14, what is -3 + 191?
18c
In base 15, what is -2 + -4?
-6
In base 13, what is -5 - -353?
34b
In base 4, what is -11 - -101201?
101130
In base 16, what is -db5 + -2?
-db7
In base 8, what is -3 + -1335?
-1340
In base 7, what is -4 - 155?
-162
In base 5, what is 21 + -240?
-214
In base 9, what is 2 + -157?
-155
In base 9, what is -574 - 2?
-576
In base 15, what is -ea + -4?
-ee
In base 10, what is 1151 - 0?
1151
In base 14, what is 26d + -18?
255
In base 8, what is -5 - -21?
14
In base 14, what is 48 + 2?
4a
In base 4, what is -1201 + -3?
-1210
In base 5, what is 110102 + -4?
110043
In base 8, what is 5717 + 2?
5721
In base 10, what is 141 + -25?
116
In base 13, what is -496 - 8?
-4a1
In base 6, what is 10040 - -15?
10055
In base 13, what is 3 - 318?
-315
In base 9, what is 5411 - 2?
5408
In base 12, what is 4a9 + 3?
4b0
In base 4, what is -13311 - -10?
-13301
In base 9, what is 38 + -4?
34
In base 16, what is -83a - 2?
-83c
In base 11, what is 47 + 17?
63
In base 6, what is 123201 + 2?
123203
In base 15, what is 1 + 79?
7a
In base 2, what is 101011 - 1110?
11101
In base 13, what is 5 + -828?
-823
In base 6, what is 415 + -11?
404
In base 6, what is 0 + -121?
-121
In base 3, what is 1 - -221021?
221022
In base 4, what is 3333 - -132?
10131
In base 5, what is -112 + 21?
-41
In base 13, what is -17c + 2?
-17a
In base 6, what is 101 - 315?
-214
In base 7, what is 12303 - 3?
12300
In base 6, what is -10 + -131?
-141
In base 14, what is -2 - -59?
57
In base 6, what is -120 + -1?
-121
In base 9, what is -4531 + -2?
-4533
In base 6, what is 1 + 453?
454
In base 7, what is -1321 + 1?
-1320
In base 13, what is a + 1c8?
205
In base 10, what is 5 - -105?
110
In base 14, what is a - -191?
19b
In base 11, what is 103 - 4?
aa
In base 3, what is -110 + 12022?
11212
In base 10, what is 16 - -44?
60
In base 7, what is 20 - -53?
103
In base 14, what is 65 - -8d?
114
In base 12, what is 25 + 188?
1b1
In base 13, what is 91 - 4?
8a
In base 2, what is 1101011001100 - 0?
1101011001100
In base 4, what is 1033 + -3?
1030
In base 15, what is 5 + -59?
-54
In base 8, what is -3 - 1220?
-1223
In base 15, what is -b - -3?
-8
In base 9, what is -1 - -75?
74
In base 3, what is -1010120 - 12?
-1010202
In base 4, what is 12102 + 30?
12132
In base 11, what is -3 - -292?
28a
In base 7, what is 1 + 110?
111
In base 3, what is 20 + 11?
101
In base 7, what is 4 - -15646?
15653
In base 3, what is 1000 + -110102?
-102102
In base 15, what is 292 + -7?
28a
In base 15, what is 751 + -2?
74e
In base 12, what is -3 + 495?
492
In base 12, what is -9 + -5?
-12
In base 8, what is -2732 + -3?
-2735
In base 14, what is 2111 + -1?
2110
In base 4, what is -231003 + 10?
-230333
In base 12, what is 16 + -66?
-50
In base 6, what is 0 - 5054?
-5054
In base 12, what is 1 - -5?
6
In base 8, what is 102 + 5?
107
In base 7, what is 141 + 0?
141
In base 10, what is 378 - -8?
386
In base 16, what is -4 + -96?
-9a
In base 9, what is 187 + -5?
182
In base 15, what is 24 + -31?
-c
In base 9, what is -181 + 5?
-175
In base 7, what is 325 - -1?
326
In base 2, what is -110 + 101000101?
100111111
In base 13, what is 58 - -1?
59
In base 8, what is -5200 - 0?
-5200
In base 4, what is -1 - 2110202?
-2110203
In base 15, what is 3 + 1ee5?
1ee8
In base 10, what is 4 - 100?
-96
In base 10, what is -199 + -1?
-200
In base 6, what is -3 + 42?
35
In base 12, what is -14a + 13?
-137
In base 10, what is 74 + 70?
144
In base 2, 